{"id":117,"date":"2021-08-07T09:43:32","date_gmt":"2021-08-07T09:43:32","guid":{"rendered":"https:\/\/axerta.cl\/index.php\/blog\/"},"modified":"2024-02-13T16:41:23","modified_gmt":"2024-02-13T16:41:23","slug":"blog","status":"publish","type":"page","link":"https:\/\/axerta.cl\/index.php\/blog\/","title":{"rendered":"Blog"},"content":{"rendered":"\t\t<div data-elementor-type=\"wp-page\" data-elementor-id=\"117\" class=\"elementor elementor-117\" data-elementor-post-type=\"page\">\n\t\t\t\t\t\t\t\t\t<section class=\"elementor-section elementor-top-section elementor-element elementor-element-86d6c11 elementor-section-boxed elementor-section-height-default elementor-section-height-default\" data-id=\"86d6c11\" data-element_type=\"section\" data-settings=\"{&quot;_ha_eqh_enable&quot;:false}\">\n\t\t\t\t\t\t<div class=\"elementor-container elementor-column-gap-default\">\n\t\t\t\t\t<div class=\"aux-parallax-section elementor-column elementor-col-100 elementor-top-column elementor-element elementor-element-2750a16\" data-id=\"2750a16\" data-element_type=\"column\">\n\t\t\t<div class=\"elementor-widget-wrap elementor-element-populated\">\n\t\t\t\t\t\t\t\t<div class=\"elementor-element elementor-element-356f364 elementor-widget elementor-widget-spacer\" data-id=\"356f364\" data-element_type=\"widget\" data-widget_type=\"spacer.default\">\n\t\t\t\t<div class=\"elementor-widget-container\">\n\t\t\t<style>\/*! elementor - v3.18.0 - 20-12-2023 *\/\n.elementor-column .elementor-spacer-inner{height:var(--spacer-size)}.e-con{--container-widget-width:100%}.e-con-inner>.elementor-widget-spacer,.e-con>.elementor-widget-spacer{width:var(--container-widget-width,var(--spacer-size));--align-self:var(--container-widget-align-self,initial);--flex-shrink:0}.e-con-inner>.elementor-widget-spacer>.elementor-widget-container,.e-con>.elementor-widget-spacer>.elementor-widget-container{height:100%;width:100%}.e-con-inner>.elementor-widget-spacer>.elementor-widget-container>.elementor-spacer,.e-con>.elementor-widget-spacer>.elementor-widget-container>.elementor-spacer{height:100%}.e-con-inner>.elementor-widget-spacer>.elementor-widget-container>.elementor-spacer>.elementor-spacer-inner,.e-con>.elementor-widget-spacer>.elementor-widget-container>.elementor-spacer>.elementor-spacer-inner{height:var(--container-widget-height,var(--spacer-size))}.e-con-inner>.elementor-widget-spacer.elementor-widget-empty,.e-con>.elementor-widget-spacer.elementor-widget-empty{position:relative;min-height:22px;min-width:22px}.e-con-inner>.elementor-widget-spacer.elementor-widget-empty .elementor-widget-empty-icon,.e-con>.elementor-widget-spacer.elementor-widget-empty .elementor-widget-empty-icon{position:absolute;top:0;bottom:0;left:0;right:0;margin:auto;padding:0;width:22px;height:22px}<\/style>\t\t<div class=\"elementor-spacer\">\n\t\t\t<div class=\"elementor-spacer-inner\"><\/div>\n\t\t<\/div>\n\t\t\t\t<\/div>\n\t\t\t\t<\/div>\n\t\t\t\t<div class=\"elementor-element elementor-element-75f9f61 elementor-widget elementor-widget-aux_modern_heading\" data-id=\"75f9f61\" data-element_type=\"widget\" data-widget_type=\"aux_modern_heading.default\">\n\t\t\t\t<div class=\"elementor-widget-container\">\n\t\t\t<section class=\"aux-widget-modern-heading\">\n            <div class=\"aux-widget-inner\"><h2 class=\"aux-modern-heading-primary\">Bienvenido al blog de Axerta Consultores.<\/h2><div class=\"aux-modern-heading-divider\"><\/div><div class=\"aux-modern-heading-description\"><p style=\"font-weight: 400\">Cuando nos conectamos y compartimos el conocimiento, crecemos todos.<\/p><\/div><\/div>\n        <\/section>\t\t<\/div>\n\t\t\t\t<\/div>\n\t\t\t\t\t<\/div>\n\t\t<\/div>\n\t\t\t\t\t\t\t<\/div>\n\t\t<\/section>\n\t\t\t\t<section class=\"elementor-section elementor-top-section elementor-element elementor-element-13027ce elementor-section-boxed elementor-section-height-default elementor-section-height-default\" data-id=\"13027ce\" data-element_type=\"section\" data-settings=\"{&quot;background_background&quot;:&quot;classic&quot;,&quot;_ha_eqh_enable&quot;:false}\">\n\t\t\t\t\t\t<div class=\"elementor-container elementor-column-gap-no\">\n\t\t\t\t\t<div class=\"aux-parallax-section elementor-column elementor-col-100 elementor-top-column elementor-element elementor-element-daeda66\" data-id=\"daeda66\" data-element_type=\"column\">\n\t\t\t<div class=\"elementor-widget-wrap elementor-element-populated\">\n\t\t\t\t\t\t\t\t<div class=\"elementor-element elementor-element-1f4ebef aux-appear-watch-animation aux-fade-in elementor-widget elementor-widget-aux_recent_posts\" data-id=\"1f4ebef\" data-element_type=\"widget\" data-settings=\"{&quot;columns&quot;:&quot;3&quot;,&quot;columns_tablet&quot;:&quot;2&quot;,&quot;columns_mobile&quot;:&quot;1&quot;}\" data-widget_type=\"aux_recent_posts.default\">\n\t\t\t\t<div class=\"elementor-widget-container\">\n\t\t\t<script>auxinNS(\"auxin.content.loadmore.au8ebe3c22\"); auxin.content.loadmore.au8ebe3c22={\"nonce\":\"043665456a\",\"args\":{\"title\":\"\",\"subtitle\":\"\",\"cat\":[\" \"],\"num\":\"6\",\"only_posts__in\":\"\",\"include\":\"\",\"exclude\":\"\",\"offset\":\"\",\"paged\":\"\",\"post_type\":\"post\",\"taxonomy_name\":\"category\",\"order_by\":\"date\",\"order\":\"DESC\",\"exclude_without_media\":\"\",\"exclude_custom_post_formats\":\"\",\"exclude_quote_link\":null,\"include_post_formats_in\":\"\",\"exclude_post_formats_in\":[],\"size\":\"\",\"display_title\":\"yes\",\"words_num\":\"\",\"show_media\":\"yes\",\"display_like\":\"\",\"display_comments\":\"\",\"display_categories\":\"\",\"max_taxonomy_num\":null,\"show_badge\":\"no\",\"content_layout\":\"default\",\"excerpt_len\":null,\"show_excerpt\":\"\",\"show_content\":\"\",\"show_info\":\"yes\",\"show_format_icon\":\"no\",\"show_date\":\"yes\",\"ignore_formats\":\"no\",\"post_info_position\":\"after-title\",\"author_or_readmore\":\"none\",\"image_aspect_ratio\":\"0.75\",\"meta_info_position\":\"after-content\",\"desktop_cnum\":\"3\",\"tablet_cnum\":\"2\",\"phone_cnum\":\"1\",\"preview_mode\":\"grid\",\"grid_table_hover\":\"bgimage-bgcolor\",\"tag\":\"\",\"display_author_footer\":null,\"display_author_header\":\"yes\",\"preloadable\":\"no\",\"preload_preview\":null,\"preload_bgcolor\":null,\"extra_classes\":\"\",\"extra_column_classes\":\"\",\"custom_el_id\":\"\",\"carousel_space\":null,\"carousel_autoplay\":null,\"carousel_autoplay_delay\":null,\"carousel_navigation\":null,\"carousel_navigation_control\":null,\"carousel_nav_control_pos\":null,\"carousel_nav_control_skin\":null,\"carousel_loop\":null,\"request_from\":\"\",\"template_part_file\":\"theme-parts\\\/entry\\\/post-column\",\"extra_template_path\":\"\",\"universal_id\":\"au8ebe3c22\",\"reset_query\":true,\"wp_query_args\":[],\"custom_wp_query\":\"\",\"loadmore_type\":\"next\",\"loadmore_per_page\":\"6\",\"content\":null,\"skip_wrappers\":true,\"content_width\":2000,\"inview_transition\":\"none\",\"inview_duration\":\"\",\"inview_delay\":\"\",\"inview_repeat\":\"no\",\"inview_offset\":\"\",\"called_from\":\"\"},\"handler\":\"aux_recent_posts\",\"per_page\":\"6\"};<\/script><section class=\"widget-container aux-ajax-type-next aux-widget-recent-posts aux-parent-au8ebe3c22\"><div data-element-id=\"au8ebe3c22\" class=\"aux-match-height aux-row aux-de-col3 aux-tb-col2 aux-mb-col1 aux-total-3 aux-no-meta aux-ajax-view  \"><div class=\"aux-col aux-ajax-item post-309\">\n                        <article class=\"post column-entry post-309 type-post status-publish format-standard has-post-thumbnail hentry category-axerta\">\n                                                        <div class=\"entry-media\"><div class=\"aux-media-frame aux-media-image aux-image-mask\"><a href=\"https:\/\/axerta.cl\/index.php\/2024\/02\/13\/como-y-cuando-prepararse-para-el-proceso-de-operacion-renta\/\"><img decoding=\"async\" src=\"https:\/\/axerta.cl\/wp-content\/uploads\/2024\/02\/iStock-1489003364-scaled-637x478.jpg\" class=\"aux-attachment aux-featured-image attachment-636.66666666667x477.5 aux-attachment-id-310 \" alt=\"Tax deduction planning concept. Businessman calculating business balance prepare tax reduction. taxes paid by individuals and corporations such as VAT, income tax and property tax.\" srcset=\"https:\/\/axerta.cl\/wp-content\/uploads\/2024\/02\/iStock-1489003364-scaled-150x113.jpg 150w,https:\/\/axerta.cl\/wp-content\/uploads\/2024\/02\/iStock-1489003364-scaled-300x225.jpg 300w,https:\/\/axerta.cl\/wp-content\/uploads\/2024\/02\/iStock-1489003364-scaled-768x576.jpg 768w,https:\/\/axerta.cl\/wp-content\/uploads\/2024\/02\/iStock-1489003364-scaled-1024x768.jpg 1024w,https:\/\/axerta.cl\/wp-content\/uploads\/2024\/02\/iStock-1489003364-scaled-637x478.jpg 637w,https:\/\/axerta.cl\/wp-content\/uploads\/2024\/02\/iStock-1489003364-scaled-2550x1912.jpg 2550w\" data-ratio=\"1.33\" data-original-w=\"2560\" sizes=\"(max-width:479px) 480px,(max-width:767px) 768px,(max-width:1023px) 1024px,637px\" \/><\/a><\/div><\/div>\n                            \n                            <div class=\"entry-main\">\n                                                        \n                                <header class=\"entry-header\">\n                                \n                                    <h4 class=\"entry-title\">\n                                        <a href=\"https:\/\/axerta.cl\/index.php\/2024\/02\/13\/como-y-cuando-prepararse-para-el-proceso-de-operacion-renta\/\">\n                                            C\u00f3mo y cu\u00e1ndo prepararse para el proceso de operaci\u00f3n renta                                        <\/a>\n                                    <\/h4>\n                                                                    <div class=\"entry-format\">\n                                        <a href=\"https:\/\/axerta.cl\/index.php\/2024\/02\/13\/como-y-cuando-prepararse-para-el-proceso-de-operacion-renta\/\">\n                                            <div class=\"post-format format-\"> <\/div>\n                                        <\/a>\n                                    <\/div>\n                                <\/header>\n                                                            \n                                <div class=\"entry-info\">\n                                                                    <div class=\"entry-date\">\n                                        <a href=\"https:\/\/axerta.cl\/index.php\/2024\/02\/13\/como-y-cuando-prepararse-para-el-proceso-de-operacion-renta\/\">\n                                            <time datetime=\"2024-02-13T14:10:20+00:00\" title=\"2024-02-13T14:10:20+00:00\" >febrero 13, 2024<\/time>\n                                        <\/a>\n                                    <\/div>\n                                                                                                    <span class=\"entry-meta-sep meta-sep\">por<\/span>\n                                    <span class=\"author vcard\">\n                                        <a href=\"https:\/\/axerta.cl\/index.php\/author\/admin_8z3p5yd9\/\" rel=\"author\" title=\"Ver todos los mensajes de admin\" >\n                                            admin                                        <\/a>\n                                    <\/span>\n                                                                                                                                                                        <\/div>\n                            \n                                                        \n                            <\/div>\n\n                        <\/article>\n<\/div><div class=\"aux-col aux-ajax-item post-306\">\n                        <article class=\"post column-entry post-306 type-post status-publish format-standard has-post-thumbnail hentry category-axerta\">\n                                                        <div class=\"entry-media\"><div class=\"aux-media-frame aux-media-image aux-image-mask\"><a href=\"https:\/\/axerta.cl\/index.php\/2024\/02\/13\/como-prepararse-para-un-adecuado-cumplimiento-tributario\/\"><img decoding=\"async\" src=\"https:\/\/axerta.cl\/wp-content\/uploads\/2024\/02\/iStock-1359673653-scaled-637x478.jpg\" class=\"aux-attachment aux-featured-image attachment-636.66666666667x477.5 aux-attachment-id-307 \" alt=\"Businessman using innovative virtual touchscreen presses taxes button.with icons state taxes.Data analysis,paperwork,financial research,report.Calculation tax return surrounding.taxes Concept\" srcset=\"https:\/\/axerta.cl\/wp-content\/uploads\/2024\/02\/iStock-1359673653-scaled-150x113.jpg 150w,https:\/\/axerta.cl\/wp-content\/uploads\/2024\/02\/iStock-1359673653-scaled-300x225.jpg 300w,https:\/\/axerta.cl\/wp-content\/uploads\/2024\/02\/iStock-1359673653-scaled-768x576.jpg 768w,https:\/\/axerta.cl\/wp-content\/uploads\/2024\/02\/iStock-1359673653-scaled-1024x768.jpg 1024w,https:\/\/axerta.cl\/wp-content\/uploads\/2024\/02\/iStock-1359673653-scaled-637x478.jpg 637w,https:\/\/axerta.cl\/wp-content\/uploads\/2024\/02\/iStock-1359673653-scaled-2550x1912.jpg 2550w\" data-ratio=\"1.33\" data-original-w=\"2560\" sizes=\"(max-width:479px) 480px,(max-width:767px) 768px,(max-width:1023px) 1024px,637px\" \/><\/a><\/div><\/div>\n                            \n                            <div class=\"entry-main\">\n                                                        \n                                <header class=\"entry-header\">\n                                \n                                    <h4 class=\"entry-title\">\n                                        <a href=\"https:\/\/axerta.cl\/index.php\/2024\/02\/13\/como-prepararse-para-un-adecuado-cumplimiento-tributario\/\">\n                                            C\u00f3mo prepararse para un adecuado cumplimiento tributario                                        <\/a>\n                                    <\/h4>\n                                                                    <div class=\"entry-format\">\n                                        <a href=\"https:\/\/axerta.cl\/index.php\/2024\/02\/13\/como-prepararse-para-un-adecuado-cumplimiento-tributario\/\">\n                                            <div class=\"post-format format-\"> <\/div>\n                                        <\/a>\n                                    <\/div>\n                                <\/header>\n                                                            \n                                <div class=\"entry-info\">\n                                                                    <div class=\"entry-date\">\n                                        <a href=\"https:\/\/axerta.cl\/index.php\/2024\/02\/13\/como-prepararse-para-un-adecuado-cumplimiento-tributario\/\">\n                                            <time datetime=\"2024-02-13T12:55:47+00:00\" title=\"2024-02-13T12:55:47+00:00\" >febrero 13, 2024<\/time>\n                                        <\/a>\n                                    <\/div>\n                                                                                                    <span class=\"entry-meta-sep meta-sep\">por<\/span>\n                                    <span class=\"author vcard\">\n                                        <a href=\"https:\/\/axerta.cl\/index.php\/author\/admin_8z3p5yd9\/\" rel=\"author\" title=\"Ver todos los mensajes de admin\" >\n                                            admin                                        <\/a>\n                                    <\/span>\n                                                                                                                                                                        <\/div>\n                            \n                                                        \n                            <\/div>\n\n                        <\/article>\n<\/div><div class=\"aux-col aux-ajax-item post-302\">\n                        <article class=\"post column-entry post-302 type-post status-publish format-standard has-post-thumbnail hentry category-axerta\">\n                                                        <div class=\"entry-media\"><div class=\"aux-media-frame aux-media-image aux-image-mask\"><a href=\"https:\/\/axerta.cl\/index.php\/2024\/02\/13\/como-organizarse-al-iniciar-un-negocio\/\"><img decoding=\"async\" src=\"https:\/\/axerta.cl\/wp-content\/uploads\/2024\/02\/iStock-452193701-scaled-637x478.jpg\" class=\"aux-attachment aux-featured-image attachment-636.66666666667x477.5 aux-attachment-id-303 \" alt=\"Young stylish businessman touching virtual interface button. Pillar of transparent blue light. Future bio style interior on background. Interfaces collection.\" srcset=\"https:\/\/axerta.cl\/wp-content\/uploads\/2024\/02\/iStock-452193701-scaled-150x113.jpg 150w,https:\/\/axerta.cl\/wp-content\/uploads\/2024\/02\/iStock-452193701-scaled-300x225.jpg 300w,https:\/\/axerta.cl\/wp-content\/uploads\/2024\/02\/iStock-452193701-scaled-768x576.jpg 768w,https:\/\/axerta.cl\/wp-content\/uploads\/2024\/02\/iStock-452193701-scaled-1024x768.jpg 1024w,https:\/\/axerta.cl\/wp-content\/uploads\/2024\/02\/iStock-452193701-scaled-637x478.jpg 637w,https:\/\/axerta.cl\/wp-content\/uploads\/2024\/02\/iStock-452193701-scaled-2550x1912.jpg 2550w\" data-ratio=\"1.33\" data-original-w=\"2560\" sizes=\"(max-width:479px) 480px,(max-width:767px) 768px,(max-width:1023px) 1024px,637px\" \/><\/a><\/div><\/div>\n                            \n                            <div class=\"entry-main\">\n                                                        \n                                <header class=\"entry-header\">\n                                \n                                    <h4 class=\"entry-title\">\n                                        <a href=\"https:\/\/axerta.cl\/index.php\/2024\/02\/13\/como-organizarse-al-iniciar-un-negocio\/\">\n                                            C\u00f3mo organizarse al iniciar un negocio                                        <\/a>\n                                    <\/h4>\n                                                                    <div class=\"entry-format\">\n                                        <a href=\"https:\/\/axerta.cl\/index.php\/2024\/02\/13\/como-organizarse-al-iniciar-un-negocio\/\">\n                                            <div class=\"post-format format-\"> <\/div>\n                                        <\/a>\n                                    <\/div>\n                                <\/header>\n                                                            \n                                <div class=\"entry-info\">\n                                                                    <div class=\"entry-date\">\n                                        <a href=\"https:\/\/axerta.cl\/index.php\/2024\/02\/13\/como-organizarse-al-iniciar-un-negocio\/\">\n                                            <time datetime=\"2024-02-13T12:52:34+00:00\" title=\"2024-02-13T12:52:34+00:00\" >febrero 13, 2024<\/time>\n                                        <\/a>\n                                    <\/div>\n                                                                                                    <span class=\"entry-meta-sep meta-sep\">por<\/span>\n                                    <span class=\"author vcard\">\n                                        <a href=\"https:\/\/axerta.cl\/index.php\/author\/admin_8z3p5yd9\/\" rel=\"author\" title=\"Ver todos los mensajes de admin\" >\n                                            admin                                        <\/a>\n                                    <\/span>\n                                                                                                                                                                        <\/div>\n                            \n                                                        \n                            <\/div>\n\n                        <\/article>\n<\/div><\/div><\/section><!-- widget-container -->\t\t<\/div>\n\t\t\t\t<\/div>\n\t\t\t\t\t<\/div>\n\t\t<\/div>\n\t\t\t\t\t\t\t<\/div>\n\t\t<\/section>\n\t\t\t\t\t\t\t<\/div>\n\t\t","protected":false},"excerpt":{"rendered":"<p>Bienvenido al blog de Axerta Consultores. Cuando nos conectamos y compartimos el conocimiento, crecemos todos. C\u00f3mo y cu\u00e1ndo prepararse para el proceso de operaci\u00f3n renta febrero 13, 2024 por admin | Editar C\u00f3mo prepararse para un adecuado cumplimiento tributario febrero 13, 2024 por admin | Editar C\u00f3mo organizarse al iniciar un negocio febrero 13, 2024 [&hellip;]<\/p>\n","protected":false},"author":1,"featured_media":0,"parent":0,"menu_order":0,"comment_status":"closed","ping_status":"closed","template":"templates\/page-builder-content.php","meta":{"footnotes":""},"class_list":["post-117","page","type-page","status-publish","hentry"],"_links":{"self":[{"href":"https:\/\/axerta.cl\/index.php\/wp-json\/wp\/v2\/pages\/117","targetHints":{"allow":["GET"]}}],"collection":[{"href":"https:\/\/axerta.cl\/index.php\/wp-json\/wp\/v2\/pages"}],"about":[{"href":"https:\/\/axerta.cl\/index.php\/wp-json\/wp\/v2\/types\/page"}],"author":[{"embeddable":true,"href":"https:\/\/axerta.cl\/index.php\/wp-json\/wp\/v2\/users\/1"}],"replies":[{"embeddable":true,"href":"https:\/\/axerta.cl\/index.php\/wp-json\/wp\/v2\/comments?post=117"}],"version-history":[{"count":3,"href":"https:\/\/axerta.cl\/index.php\/wp-json\/wp\/v2\/pages\/117\/revisions"}],"predecessor-version":[{"id":385,"href":"https:\/\/axerta.cl\/index.php\/wp-json\/wp\/v2\/pages\/117\/revisions\/385"}],"wp:attachment":[{"href":"https:\/\/axerta.cl\/index.php\/wp-json\/wp\/v2\/media?parent=117"}],"curies":[{"name":"wp","href":"https:\/\/api.w.org\/{rel}","templated":true}]}}